{"id":521,"date":"2022-10-21T18:35:12","date_gmt":"2022-10-21T18:35:12","guid":{"rendered":"https:\/\/arteconsentido.org\/ciclodemusicos\/?page_id=521"},"modified":"2022-10-22T09:34:26","modified_gmt":"2022-10-22T09:34:26","slug":"agenda","status":"publish","type":"page","link":"https:\/\/arteconsentido.org\/ciclodemusicos\/?page_id=521","title":{"rendered":"Agenda"},"content":{"rendered":"\n<div style=\"height:141px\" aria-hidden=\"true\" class=\"wp-block-spacer\"><\/div>\n\n\n\n<h1 class=\"wp-block-heading\">Agenda de Conciertos del Ciclo de M\u00fasicos Espa\u00f1oles en M\u00e9xico<\/h1>\n\n\n\n<div style=\"height:56px\" aria-hidden=\"true\" class=\"wp-block-spacer\"><\/div>\n\n\n\n<div style=\"height:35px\" aria-hidden=\"true\" class=\"wp-block-spacer\"><\/div>\n\n\n\n<h2 class=\"wp-block-heading\"><strong>JAVIER SOMOZA &#8211; Guitarra Cl\u00e1sica &#8211; Real Conservatorio Superior de M\u00fasica de Madrid<\/strong><\/h2>\n\n\n\n<p><strong>CONCIERTO DE GALA FESTIVAL UNIVERSITARIO INTERNACIONAL GUITUNAM<\/strong><\/p>\n\n\n\n<p>D\u00eda: 13 de Octubre.<\/p>\n\n\n\n<p>Hora: 18:00h<\/p>\n\n\n\n<p>Lugar: Sala Xochipilli &#8211; FAM UNAM &#8211; Ciudad de M\u00e9xico<\/p>\n\n\n\n<div style=\"height:35px\" aria-hidden=\"true\" class=\"wp-block-spacer\"><\/div>\n\n\n\n<p><strong>CONCIERTO TEMPORADA DE OTO\u00d1O 2022 DEPARTAMENTO DE M\u00daSICA UDG<\/strong><\/p>\n\n\n\n<p>D\u00eda: 19 de octubre<\/p>\n\n\n\n<p>Hora: 7:30pm.<\/p>\n\n\n\n<p>Lugar: Museo Regional de Guadalajara, liceo 60, Zona Centro. Guadalajara (Jalisco)<\/p>\n\n\n\n<p>Entrada libre<\/p>\n\n\n\n<div style=\"height:41px\" aria-hidden=\"true\" class=\"wp-block-spacer\"><\/div>\n\n\n\n<h2 class=\"wp-block-heading\"><strong>PEDRO PABLO C\u00c1MARA &#8211; Saxof\u00f3n Contempor\u00e1neo\u00a0&#8211; CS Katarina Gurska<\/strong><\/h2>\n\n\n\n<p><strong>CONCIERTO DE GALA XIX ENCUENTRO UNIVERSITARIO INTERNACIONAL DE SAXOF\u00d3N MEXICO 2022<\/strong><\/p>\n\n\n\n<p>D\u00eda: 28 de octubre&nbsp;<\/p>\n\n\n\n<p>Hora: 19:00h<\/p>\n\n\n\n<p>Lugar: &nbsp;sala&nbsp;Xochipilli&nbsp;de la UNAM, M\u00e9xico DF.<\/p>\n\n\n\n<div style=\"height:34px\" aria-hidden=\"true\" class=\"wp-block-spacer\"><\/div>\n\n\n\n<p><strong>CONCIERTO DE GALA FORO INTERNACIONAL DE M\u00daSICA LUGAR: NUEVA\u00a0MANUEL ENR\u00cdQUEZ\u00a0\u201cFANTAS\u00cdA DE VILLALOBOS\u201d\u00a0CON LA ORQUESTA DE C\u00c1MARA HIGINIO RUVALCABA<\/strong><\/p>\n\n\n\n<p>D\u00eda: 29 de Octubre<\/p>\n\n\n\n<p>Hora: 19:30h &nbsp;&nbsp;<\/p>\n\n\n\n<p>Lugar: Conjunto Santander de Artes Esc\u00e9nicas, sala 2. Guadalajara (Jalisco)<\/p>\n\n\n\n<div style=\"height:64px\" aria-hidden=\"true\" class=\"wp-block-spacer\"><\/div>\n\n\n\n<p><strong>PONENCIA &#8211; CONCIERTO \u201cBEYOND THE SAXOPHONE\u201d. OBRAS DE POLO, ESCUDERO Y PAUL<\/strong><\/p>\n\n\n\n<p>D\u00eda: 2 de Noviembre<\/p>\n\n\n\n<p>Hora:&nbsp;17:00h<\/p>\n\n\n\n<p>Lugar: Palacio de la M\u00fasica de M\u00e9rida. Festival CLARISAX, M\u00e9rida (Yucat\u00e1n)<\/p>\n\n\n\n<div style=\"height:63px\" aria-hidden=\"true\" class=\"wp-block-spacer\"><\/div>\n\n\n\n<h2 class=\"wp-block-heading\"><strong>EDU OSTOS &#8211; a.k.a\u00a0ED IS DEAD &#8211; M\u00fasica Electr\u00f3nica (DJ y Productor\u00a0) &#8211; SAE SPAIN<\/strong><\/h2>\n\n\n\n<p><strong>CONCIERTO EN EL MARCO DE LA CELEBRACI\u00d3N DEL XX ANIVERSARIO DEL CENTRO CULTURAL DE ESPA\u00d1A EN MEXICO<\/strong><\/p>\n\n\n\n<p>D\u00eda: 8 de Noviembre<\/p>\n\n\n\n<p>Hora: 20:00h concierto. 16:00h conferencia<\/p>\n\n\n\n<p>Lugar: Espacio X, Centro Cultural de&nbsp;Espa\u00f1a en M\u00e9xico, M\u00e9xico D.F. Entrada Libre<\/p>\n\n\n\n<div style=\"height:38px\" aria-hidden=\"true\" class=\"wp-block-spacer\"><\/div>\n\n\n\n<p><strong>CONFERENCIA\u00a0\u00a0FIMPRO &#8211; FERIA INTERNACIONAL DE M\u00daSICA PROFESIONAL<\/strong><\/p>\n\n\n\n<p>D\u00eda: 10 de Noviembre<\/p>\n\n\n\n<p>Hora: 19:00h<\/p>\n\n\n\n<p>Lugar: FIM Guadalajara<\/p>\n\n\n\n<p><strong>CONCIERTO: LIVE SET ED IS DEAD<\/strong><\/p>\n\n\n\n<p>D\u00eda: 11 Noviembre<\/p>\n\n\n\n<p>Hora: 19:00h<\/p>\n\n\n\n<p>Lugar: Camarena 118, colonia Americana, Estudio de Arte Ar\u00e9chiga. Guadalajara (Jalisco)<\/p>\n\n\n\n<div style=\"height:40px\" aria-hidden=\"true\" class=\"wp-block-spacer\"><\/div>\n\n\n\n<h2 class=\"wp-block-heading\"><strong>V\u00cdCTOR \u00c1NCHEL Oboista Solista Orquesta Nacional de Espa\u00f1a\u00a0&#8211; Escuela Superior de M\u00fasica Reina Sof\u00eda<\/strong><\/h2>\n\n\n\n<p><strong>CONCIERTO PARA OBOE DE VAUGHAN WILLIAMS (ESTRENO EN MEXICO) SOLISTA INVITADO\u00a0ORQUESTA FILARMONICA OFUNAM<\/strong><\/p>\n\n\n\n<p>D\u00eda:&nbsp; 19 de Noviembre&nbsp;&nbsp;<\/p>\n\n\n\n<p>Hora: 8:00pm<\/p>\n\n\n\n<p>Lugar: Sala Nezahualcoyotl, UNAM, M\u00e9xico DF<\/p>\n\n\n\n<div style=\"height:32px\" aria-hidden=\"true\" class=\"wp-block-spacer\"><\/div>\n\n\n\n<p><strong>CONCIERTO OFUNAM DE CLAUSURA DEL FESTIVAL INTERNACIONAL DE OBOE DE LA UNAM Y DEL CICLO DE M\u00daSICOS ESPA\u00d1OLES<\/strong><\/p>\n\n\n\n<p>D\u00eda: &nbsp;20 de Noviembre<\/p>\n\n\n\n<p>Hora: 12:30h<\/p>\n\n\n\n<p>Lugar: Sala Nezahualcoyotl, UNAM, M\u00e9xico D.F.<\/p>\n","protected":false},"excerpt":{"rendered":"<p>Agenda de Conciertos del Ciclo de M\u00fasicos Espa\u00f1oles en M\u00e9xico JAVIER SOMOZA &#8211; Guitarra Cl\u00e1sica &#8211; Real Conservatorio Superior de M\u00fasica de Madrid CONCIERTO DE GALA FESTIVAL UNIVERSITARIO INTERNACIONAL GUITUNAM D\u00eda: 13 de Octubre. Hora: 18:00h Lugar: Sala Xochipilli &#8211; FAM UNAM &#8211; Ciudad de M\u00e9xico CONCIERTO TEMPORADA DE OTO\u00d1O 2022 DEPARTAMENTO DE M\u00daSICA UDG [&hellip;]<\/p>\n","protected":false},"author":1,"featured_media":0,"parent":0,"menu_order":0,"comment_status":"closed","ping_status":"closed","template":"","meta":{"nf_dc_page":"","om_disable_all_campaigns":false,"_monsterinsights_skip_tracking":false,"_monsterinsights_sitenote_active":false,"_monsterinsights_sitenote_note":"","_monsterinsights_sitenote_category":0,"site-sidebar-layout":"default","site-content-layout":"","ast-site-content-layout":"default","site-content-style":"default","site-sidebar-style":"default","ast-global-header-display":"","ast-banner-title-visibility":"","ast-main-header-display":"","ast-hfb-above-header-display":"","ast-hfb-below-header-display":"","ast-hfb-mobile-header-display":"","site-post-title":"disabled","ast-breadcrumbs-content":"","ast-featured-img":"","footer-sml-layout":"","ast-disable-related-posts":"","theme-transparent-header-meta":"","adv-header-id-meta":"","stick-header-meta":"","header-above-stick-meta":"","header-main-stick-meta":"","header-below-stick-meta":"","astra-migrate-meta-layouts":"default","ast-page-background-enabled":"default","ast-page-background-meta":{"desktop":{"background-color":"","background-image":"","background-repeat":"repeat","background-position":"center center","background-size":"auto","background-attachment":"scroll","background-type":"","background-media":"","overlay-type":"","overlay-color":"","overlay-opacity":"","overlay-gradient":""},"tablet":{"background-color":"","background-image":"","background-repeat":"repeat","background-position":"center center","background-size":"auto","background-attachment":"scroll","background-type":"","background-media":"","overlay-type":"","overlay-color":"","overlay-opacity":"","overlay-gradient":""},"mobile":{"background-color":"","background-image":"","background-repeat":"repeat","background-position":"center center","background-size":"auto","background-attachment":"scroll","background-type":"","background-media":"","overlay-type":"","overlay-color":"","overlay-opacity":"","overlay-gradient":""}},"ast-content-background-meta":{"desktop":{"background-color":"var(--ast-global-color-5)","background-image":"","background-repeat":"repeat","background-position":"center center","background-size":"auto","background-attachment":"scroll","background-type":"","background-media":"","overlay-type":"","overlay-color":"","overlay-opacity":"","overlay-gradient":""},"tablet":{"background-color":"var(--ast-global-color-5)","background-image":"","background-repeat":"repeat","background-position":"center center","background-size":"auto","background-attachment":"scroll","background-type":"","background-media":"","overlay-type":"","overlay-color":"","overlay-opacity":"","overlay-gradient":""},"mobile":{"background-color":"var(--ast-global-color-5)","background-image":"","background-repeat":"repeat","background-position":"center center","background-size":"auto","background-attachment":"scroll","background-type":"","background-media":"","overlay-type":"","overlay-color":"","overlay-opacity":"","overlay-gradient":""}},"footnotes":""},"class_list":["post-521","page","type-page","status-publish","hentry"],"jetpack_sharing_enabled":true,"_links":{"self":[{"href":"https:\/\/arteconsentido.org\/ciclodemusicos\/index.php?rest_route=\/wp\/v2\/pages\/521","targetHints":{"allow":["GET"]}}],"collection":[{"href":"https:\/\/arteconsentido.org\/ciclodemusicos\/index.php?rest_route=\/wp\/v2\/pages"}],"about":[{"href":"https:\/\/arteconsentido.org\/ciclodemusicos\/index.php?rest_route=\/wp\/v2\/types\/page"}],"author":[{"embeddable":true,"href":"https:\/\/arteconsentido.org\/ciclodemusicos\/index.php?rest_route=\/wp\/v2\/users\/1"}],"replies":[{"embeddable":true,"href":"https:\/\/arteconsentido.org\/ciclodemusicos\/index.php?rest_route=%2Fwp%2Fv2%2Fcomments&post=521"}],"version-history":[{"count":5,"href":"https:\/\/arteconsentido.org\/ciclodemusicos\/index.php?rest_route=\/wp\/v2\/pages\/521\/revisions"}],"predecessor-version":[{"id":547,"href":"https:\/\/arteconsentido.org\/ciclodemusicos\/index.php?rest_route=\/wp\/v2\/pages\/521\/revisions\/547"}],"wp:attachment":[{"href":"https:\/\/arteconsentido.org\/ciclodemusicos\/index.php?rest_route=%2Fwp%2Fv2%2Fmedia&parent=521"}],"curies":[{"name":"wp","href":"https:\/\/api.w.org\/{rel}","templated":true}]}}

<div style="height:141px" aria-hidden="true" class="wp-block-spacer"></div>



<h1 class="wp-block-heading">Agenda de Conciertos del Ciclo de Músicos Españoles en México</h1>



<div style="height:56px" aria-hidden="true" class="wp-block-spacer"></div>



<div style="height:35px" aria-hidden="true" class="wp-block-spacer"></div>



<h2 class="wp-block-heading"><strong>JAVIER SOMOZA &#8211; Guitarra Clásica &#8211; Real Conservatorio Superior de Música de Madrid</strong></h2>



<p><strong>CONCIERTO DE GALA FESTIVAL UNIVERSITARIO INTERNACIONAL GUITUNAM</strong></p>



<p>Día: 13 de Octubre.</p>



<p>Hora: 18:00h</p>



<p>Lugar: Sala Xochipilli &#8211; FAM UNAM &#8211; Ciudad de México</p>



<div style="height:35px" aria-hidden="true" class="wp-block-spacer"></div>



<p><strong>CONCIERTO TEMPORADA DE OTOÑO 2022 DEPARTAMENTO DE MÚSICA UDG</strong></p>



<p>Día: 19 de octubre</p>



<p>Hora: 7:30pm.</p>



<p>Lugar: Museo Regional de Guadalajara, liceo 60, Zona Centro. Guadalajara (Jalisco)</p>



<p>Entrada libre</p>



<div style="height:41px" aria-hidden="true" class="wp-block-spacer"></div>



<h2 class="wp-block-heading"><strong>PEDRO PABLO CÁMARA &#8211; Saxofón Contemporáneo &#8211; CS Katarina Gurska</strong></h2>



<p><strong>CONCIERTO DE GALA XIX ENCUENTRO UNIVERSITARIO INTERNACIONAL DE SAXOFÓN MEXICO 2022</strong></p>



<p>Día: 28 de octubre&nbsp;</p>



<p>Hora: 19:00h</p>



<p>Lugar: &nbsp;sala&nbsp;Xochipilli&nbsp;de la UNAM, México DF.</p>



<div style="height:34px" aria-hidden="true" class="wp-block-spacer"></div>



<p><strong>CONCIERTO DE GALA FORO INTERNACIONAL DE MÚSICA LUGAR: NUEVA MANUEL ENRÍQUEZ “FANTASÍA DE VILLALOBOS” CON LA ORQUESTA DE CÁMARA HIGINIO RUVALCABA</strong></p>



<p>Día: 29 de Octubre</p>



<p>Hora: 19:30h &nbsp;&nbsp;</p>



<p>Lugar: Conjunto Santander de Artes Escénicas, sala 2. Guadalajara (Jalisco)</p>



<div style="height:64px" aria-hidden="true" class="wp-block-spacer"></div>



<p><strong>PONENCIA &#8211; CONCIERTO “BEYOND THE SAXOPHONE”. OBRAS DE POLO, ESCUDERO Y PAUL</strong></p>



<p>Día: 2 de Noviembre</p>



<p>Hora:&nbsp;17:00h</p>



<p>Lugar: Palacio de la Música de Mérida. Festival CLARISAX, Mérida (Yucatán)</p>



<div style="height:63px" aria-hidden="true" class="wp-block-spacer"></div>



<h2 class="wp-block-heading"><strong>EDU OSTOS &#8211; a.k.a ED IS DEAD &#8211; Música Electrónica (DJ y Productor ) &#8211; SAE SPAIN</strong></h2>



<p><strong>CONCIERTO EN EL MARCO DE LA CELEBRACIÓN DEL XX ANIVERSARIO DEL CENTRO CULTURAL DE ESPAÑA EN MEXICO</strong></p>



<p>Día: 8 de Noviembre</p>



<p>Hora: 20:00h concierto. 16:00h conferencia</p>



<p>Lugar: Espacio X, Centro Cultural de&nbsp;España en México, México D.F. Entrada Libre</p>



<div style="height:38px" aria-hidden="true" class="wp-block-spacer"></div>



<p><strong>CONFERENCIA  FIMPRO &#8211; FERIA INTERNACIONAL DE MÚSICA PROFESIONAL</strong></p>



<p>Día: 10 de Noviembre</p>



<p>Hora: 19:00h</p>



<p>Lugar: FIM Guadalajara</p>



<p><strong>CONCIERTO: LIVE SET ED IS DEAD</strong></p>



<p>Día: 11 Noviembre</p>



<p>Hora: 19:00h</p>



<p>Lugar: Camarena 118, colonia Americana, Estudio de Arte Aréchiga. Guadalajara (Jalisco)</p>



<div style="height:40px" aria-hidden="true" class="wp-block-spacer"></div>



<h2 class="wp-block-heading"><strong>VÍCTOR ÁNCHEL Oboista Solista Orquesta Nacional de España &#8211; Escuela Superior de Música Reina Sofía</strong></h2>



<p><strong>CONCIERTO PARA OBOE DE VAUGHAN WILLIAMS (ESTRENO EN MEXICO) SOLISTA INVITADO ORQUESTA FILARMONICA OFUNAM</strong></p>



<p>Día:&nbsp; 19 de Noviembre&nbsp;&nbsp;</p>



<p>Hora: 8:00pm</p>



<p>Lugar: Sala Nezahualcoyotl, UNAM, México DF</p>



<div style="height:32px" aria-hidden="true" class="wp-block-spacer"></div>



<p><strong>CONCIERTO OFUNAM DE CLAUSURA DEL FESTIVAL INTERNACIONAL DE OBOE DE LA UNAM Y DEL CICLO DE MÚSICOS ESPAÑOLES</strong></p>



<p>Día: &nbsp;20 de Noviembre</p>



<p>Hora: 12:30h</p>



<p>Lugar: Sala Nezahualcoyotl, UNAM, México D.F.</p>

<p>Agenda de Conciertos del Ciclo de Músicos Españoles en México JAVIER SOMOZA &#8211; Guitarra Clásica &#8211; Real Conservatorio Superior de Música de Madrid CONCIERTO DE GALA FESTIVAL UNIVERSITARIO INTERNACIONAL GUITUNAM Día: 13 de Octubre. Hora: 18:00h Lugar: Sala Xochipilli &#8211; FAM UNAM &#8211; Ciudad de México CONCIERTO TEMPORADA DE OTOÑO 2022 DEPARTAMENTO DE MÚSICA UDG [&hellip;]</p>
